{"id":36,"date":"2023-06-21T19:33:42","date_gmt":"2023-06-21T19:33:42","guid":{"rendered":"https:\/\/ce-iperasmus.eu\/it\/?page_id=36"},"modified":"2023-06-21T20:04:21","modified_gmt":"2023-06-21T20:04:21","slug":"leconomia-circolare-in-pratica","status":"publish","type":"page","link":"https:\/\/ce-iperasmus.eu\/it\/","title":{"rendered":"L&#8217;economia circolare in pratica"},"content":{"rendered":"\n<p>L&#8217;economia circolare rappresenta un&#8217;opportunit\u00e0 per affrontare gli squilibri e le minacce del mercato del lavoro. Ci si aspetta che le politiche dell&#8217;economia circolare contribuiscano a ridurre gli impatti ambientali, generando al tempo stesso livelli pi\u00f9 elevati di occupazione. Andando verso un&#8217;economia pi\u00f9 circolare, si prevede che il PIL nell&#8217;UE aumenter\u00e0 di quasi lo 0,5% entro il 2030. Secondo il rapporto Cambridge Econometrics, Trinomics e ICF (2018), l&#8217;aumento netto delle occupazioni stimato sar\u00e0 di circa 700.000.<\/p>\n\n\n\n<p>Nei prossimi anni, i settori che producono e trasformano materie prime diminuiranno di dimensioni, mentre i settori della gestione dei rifiuti, del riciclaggio e della riparazione vedranno un&#8217;ulteriore crescita.<\/p>\n\n\n\n<p>Se deve essere implementata un&#8217;economia circolare sostenibile, la qualit\u00e0 di tale lavoro \u00e8 fondamentale per il suo successo, migliorando tale qualit\u00e0 migliorando le competenze dei lavoratori, comprese le competenze in materia di ambiente, salute e sicurezza.<\/p>\n\n\n\n<p><a href=\"https:\/\/erasmus-plus.ec.europa.eu\/projects\/eplus-project-details#project\/2020-1-ES01-KA204-082082\">Fascicolo di progetto<\/a><\/p>\n","protected":false},"excerpt":{"rendered":"<p>L&#8217;economia circolare rappresenta un&#8217;opportunit\u00e0 per affrontare gli squilibri e le minacce del mercato del lavoro. Ci si aspetta che le politiche dell&#8217;economia circolare contribuiscano a ridurre gli impatti ambientali, generando al tempo stesso livelli pi\u00f9 elevati di occupazione. Andando verso un&#8217;economia pi\u00f9 circolare, si prevede che il PIL nell&#8217;UE aumenter\u00e0 di quasi lo 0,5% entro [&hellip;]<\/p>\n","protected":false},"author":1,"featured_media":0,"parent":0,"menu_order":0,"comment_status":"closed","ping_status":"closed","template":"","meta":[],"_links":{"self":[{"href":"https:\/\/ce-iperasmus.eu\/it\/wp-json\/wp\/v2\/pages\/36"}],"collection":[{"href":"https:\/\/ce-iperasmus.eu\/it\/wp-json\/wp\/v2\/pages"}],"about":[{"href":"https:\/\/ce-iperasmus.eu\/it\/wp-json\/wp\/v2\/types\/page"}],"author":[{"embeddable":true,"href":"https:\/\/ce-iperasmus.eu\/it\/wp-json\/wp\/v2\/users\/1"}],"replies":[{"embeddable":true,"href":"https:\/\/ce-iperasmus.eu\/it\/wp-json\/wp\/v2\/comments?post=36"}],"version-history":[{"count":2,"href":"https:\/\/ce-iperasmus.eu\/it\/wp-json\/wp\/v2\/pages\/36\/revisions"}],"predecessor-version":[{"id":39,"href":"https:\/\/ce-iperasmus.eu\/it\/wp-json\/wp\/v2\/pages\/36\/revisions\/39"}],"wp:attachment":[{"href":"https:\/\/ce-iperasmus.eu\/it\/wp-json\/wp\/v2\/media?parent=36"}],"curies":[{"name":"wp","href":"https:\/\/api.w.org\/{rel}","templated":true}]}}

<p>L&#8217;economia circolare rappresenta un&#8217;opportunità per affrontare gli squilibri e le minacce del mercato del lavoro. Ci si aspetta che le politiche dell&#8217;economia circolare contribuiscano a ridurre gli impatti ambientali, generando al tempo stesso livelli più elevati di occupazione. Andando verso un&#8217;economia più circolare, si prevede che il PIL nell&#8217;UE aumenterà di quasi lo 0,5% entro il 2030. Secondo il rapporto Cambridge Econometrics, Trinomics e ICF (2018), l&#8217;aumento netto delle occupazioni stimato sarà di circa 700.000.</p>



<p>Nei prossimi anni, i settori che producono e trasformano materie prime diminuiranno di dimensioni, mentre i settori della gestione dei rifiuti, del riciclaggio e della riparazione vedranno un&#8217;ulteriore crescita.</p>



<p>Se deve essere implementata un&#8217;economia circolare sostenibile, la qualità di tale lavoro è fondamentale per il suo successo, migliorando tale qualità migliorando le competenze dei lavoratori, comprese le competenze in materia di ambiente, salute e sicurezza.</p>



<p><a href="https://erasmus-plus.ec.europa.eu/projects/eplus-project-details#project/2020-1-ES01-KA204-082082">Fascicolo di progetto</a></p>

<p>L&#8217;economia circolare rappresenta un&#8217;opportunità per affrontare gli squilibri e le minacce del mercato del lavoro. Ci si aspetta che le politiche dell&#8217;economia circolare contribuiscano a ridurre gli impatti ambientali, generando al tempo stesso livelli più elevati di occupazione. Andando verso un&#8217;economia più circolare, si prevede che il PIL nell&#8217;UE aumenterà di quasi lo 0,5% entro [&hellip;]</p>
