{"id":65,"date":"2023-06-22T08:34:26","date_gmt":"2023-06-22T08:34:26","guid":{"rendered":"https:\/\/ce-iperasmus.eu\/es\/?page_id=65"},"modified":"2023-10-22T19:23:43","modified_gmt":"2023-10-22T19:23:43","slug":"noticias","status":"publish","type":"page","link":"https:\/\/ce-iperasmus.eu\/es\/noticias\/","title":{"rendered":"Noticias"},"content":{"rendered":"\n<p>El 9 de diciembre de 2020 se llev\u00f3 a cabo la reuni\u00f3n \u00abKick-off\u00bb. Debido a la pandemia provocada por el COVID se ha tenido que celebrar de forma virtual.<br>Objetivos: Implementaci\u00f3n del proyecto, enfocado en aspectos relacionados con la gesti\u00f3n, presentaci\u00f3n de actividades, el Manual de Gesti\u00f3n, el Plan de Calidad y el Plan de Difusi\u00f3n, los cuales fueron aprobados en dicha reuni\u00f3n. Tambi\u00e9n se planific\u00f3 la implementaci\u00f3n de productos intelectuales. Se acord\u00f3 el cronograma del proyecto y las actividades de comunicaci\u00f3n y difusi\u00f3n, adem\u00e1s de planificar la programaci\u00f3n y dise\u00f1o del sitio web. Finalmente, se planific\u00f3 el curso sobre conceptos clave de la Econom\u00eda Circular, estableciendo un equipo de trabajo para organizarlo, elaborar un programa y establecer los criterios de selecci\u00f3n de los participantes.<\/p>\n\n\n\n<figure class=\"wp-block-image\"><img decoding=\"async\" src=\"https:\/\/www.ce-iperasmus.eu\/wp-content\/uploads\/2023\/01\/image-1024x436.png\" alt=\"\" class=\"wp-image-5613\"\/><\/figure>\n\n\n\n<p><strong>CURSO SOBRE CONCEPTOS CLAVE DE LA ECONOM\u00cdA CIRCULAR<\/strong><br><\/p>\n\n\n\n<p>El 11 de febrero de 2021 se llev\u00f3 a cabo el curso sobre Conceptos Clave de Econom\u00eda Circular. Debido a las restricciones por la pandemia, al igual que el Kick-off, se tuvo que realizar online.<br>Curso sobre conceptos clave de la Econom\u00eda Circular (online): Esta actividad estuvo dirigida a los diferentes expertos en sostenibilidad de las organizaciones socias. Fueron personas clave dentro del proyecto, ya que participaron en las diferentes actividades y se involucraron en el desarrollo de los tres productos intelectuales. El curso se realiz\u00f3 online, siendo organizado por la UJI en el mes de febrero (tras la reuni\u00f3n Kick off que se celebr\u00f3 en diciembre), antes de comenzar<br>Desarrollar productos intelectuales. Los expertos fueron seleccionados por cada organizaci\u00f3n socia (tres por socio excepto la UJI que aport\u00f3 6, un total de 21 participantes), de acuerdo con los requisitos establecidos por el equipo de trabajo que se form\u00f3 tras el encuentro transnacional inicial, seg\u00fan el Curriculum Europass. modelo vitae y a trav\u00e9s de una breve entrevista.<br>Los principales requisitos fueron conocimiento del idioma ingl\u00e9s, voluntad de participar en el desarrollo del proyecto y buenos conocimientos de econom\u00eda circular y sostenibilidad. El objetivo de la actividad fue generar entendimiento mutuo entre los diferentes expertos sobre los conceptos clave que se desarrollan a lo largo del proyecto. Se establecen como conceptos clave la econom\u00eda circular y la sostenibilidad, y c\u00f3mo esto se puede traducir en acciones pr\u00e1cticas.<br>Estos conceptos se ubican en la frontera del conocimiento de diferentes disciplinas, por lo que es necesario aclarar desde el inicio del proyecto el enfoque, el nivel de profundidad, el alcance y las relaciones entre ellos.<\/p>\n\n\n\n<figure class=\"wp-block-image\"><img decoding=\"async\" src=\"https:\/\/www.ce-iperasmus.eu\/wp-content\/uploads\/2023\/01\/image-1.png\" alt=\"\" class=\"wp-image-5617\"\/><\/figure>\n\n\n\n<p><strong>SEGUNDO ENCUENTRO TRANSNACIONAL DEL PROYECTO<\/strong><\/p>\n\n\n\n<p>Celebrada en l\u00ednea, el 21 de abril de 2021.<br>Objetivos: Durante la reuni\u00f3n se present\u00f3 la situaci\u00f3n del producto intelectual O1. \u201cGu\u00eda de capacitaci\u00f3n en estrategias de gesti\u00f3n de econom\u00eda circular para microempresas\u201d. Se planificaron las \u00faltimas tareas de dicho producto intelectual. Se planific\u00f3 la realizaci\u00f3n del producto intelectual de O2 \u201cRecursos formativos multimedia basados en web 360\u00ba sobre buenas pr\u00e1cticas y formas innovadoras de alargar la vida \u00fatil de los productos textiles\u201d. Tambi\u00e9n se evalu\u00f3 y dio seguimiento a la actividad de aprendizaje desarrollada en el mes de febrero de 2021. Se programaron las siguientes actividades de difusi\u00f3n.<\/p>\n\n\n\n<figure class=\"wp-block-image\"><img decoding=\"async\" src=\"https:\/\/www.ce-iperasmus.eu\/wp-content\/uploads\/2023\/01\/image-2.png\" alt=\"\" class=\"wp-image-5618\"\/><\/figure>\n\n\n\n<p><strong>TERCER ENCUENTRO TRANSNACIONAL DEL PROYECTO<\/strong><\/p>\n\n\n\n<p>Los d\u00edas 19 y 20 de octubre de 2021, finalmente, se celebr\u00f3 de forma presencial el Tercer encuentro transnacional en Eslovenia.<br>Los objetivos han sido: presentar el producto intelectual O1 a los socios y su valoraci\u00f3n por parte de todos los asistentes. Analizar informes de seguimiento. Presentar la situaci\u00f3n del producto intelectual O2 \u201cRecursos formativos multimedia 360\u00ba basados en web sobre buenas pr\u00e1cticas y formas innovadoras de alargar la vida \u00fatil de los productos textiles\u201d. Presentar informes relacionados con las actividades de difusi\u00f3n.<\/p>\n\n\n\n<ul><\/ul>\n\n\n\n<figure class=\"wp-block-image\"><img decoding=\"async\" src=\"https:\/\/www.ce-iperasmus.eu\/wp-content\/uploads\/2023\/01\/image-3-1024x768.png\" alt=\"\" class=\"wp-image-5623\"\/><\/figure>\n\n\n\n<p><strong>CUARTO ENCUENTRO TRANSNACIONAL DEL PROYECTO<\/strong><\/p>\n\n\n\n<p>Los d\u00edas 1 y 2 de junio de 2022, finalmente, se celebr\u00f3 de forma presencial el cuarto encuentro transnacional en Alemania.<br>Los objetivos han sido: Presentar el producto intelectual O2 a los socios y su valoraci\u00f3n por parte de todos los asistentes. Planificaci\u00f3n de la realizaci\u00f3n del producto intelectual O3 \u00abCurso de formaci\u00f3n e-learning para formadores en econom\u00eda circular\u00bb. Planificaci\u00f3n de actividades de difusi\u00f3n.<\/p>\n\n\n\n<figure class=\"wp-block-image\"><img decoding=\"async\" src=\"https:\/\/www.ce-iperasmus.eu\/wp-content\/uploads\/2023\/01\/image-4-1024x768.png\" alt=\"\" class=\"wp-image-5626\"\/><\/figure>\n\n\n\n<p>QUINTO ENCUENTRO INTERNACIONAL DEL PROYECTO<\/p>\n\n\n\n<p>Los d\u00edas 8 y 9 de noviembre de 2022 se celebr\u00f3 en Lecce el quinto encuentro transnacional en Italia.<br>Los objetivos han sido: Presentar a los socios el producto intelectual O2 en todos los idiomas de los socios. Configuraci\u00f3n de direcci\u00f3n IO3. Planificaci\u00f3n del curso piloto dirigido a formadores de adultos en econom\u00eda circular. Presentaci\u00f3n de informes de seguimiento por parte de cada socio. Programar actividades de difusi\u00f3n del proyecto.<\/p>\n\n\n\n<ul><\/ul>\n\n\n\n<figure class=\"wp-block-image aligncenter size-large\"><img decoding=\"async\" loading=\"lazy\" width=\"1024\" height=\"768\" src=\"https:\/\/ce-iperasmus.eu\/es\/wp-content\/uploads\/2023\/06\/313431452_207176641653302_7655853785075197653_n-1024x768.jpg\" alt=\"\" class=\"wp-image-71\" srcset=\"https:\/\/ce-iperasmus.eu\/es\/wp-content\/uploads\/2023\/06\/313431452_207176641653302_7655853785075197653_n-1024x768.jpg 1024w, https:\/\/ce-iperasmus.eu\/es\/wp-content\/uploads\/2023\/06\/313431452_207176641653302_7655853785075197653_n-300x225.jpg 300w, https:\/\/ce-iperasmus.eu\/es\/wp-content\/uploads\/2023\/06\/313431452_207176641653302_7655853785075197653_n-768x576.jpg 768w, https:\/\/ce-iperasmus.eu\/es\/wp-content\/uploads\/2023\/06\/313431452_207176641653302_7655853785075197653_n-1536x1152.jpg 1536w, https:\/\/ce-iperasmus.eu\/es\/wp-content\/uploads\/2023\/06\/313431452_207176641653302_7655853785075197653_n.jpg 2048w\" sizes=\"(max-width: 1024px) 100vw, 1024px\" \/><\/figure>\n\n\n\n<p><strong>REUNI\u00d3N FINAL<\/strong><br><\/p>\n\n\n\n<p>Los d\u00edas 6 y 7 de junio de 2023 se ha desarrollado la reuni\u00f3n final del proyecto en Zaragoza.<br>Los objetivos han sido: Presentar el producto intelectual O3 a los socios. Informe sobre los resultados de la acci\u00f3n formativa piloto. Planificaci\u00f3n del informe final. Organizaci\u00f3n de eventos multiplicadores. Plan de sostenibilidad del proyecto. Informes de acciones de difusi\u00f3n de los socios.<\/p>\n\n\n\n<ul><\/ul>\n\n\n\n<figure class=\"wp-block-image size-full\"><img decoding=\"async\" loading=\"lazy\" width=\"1024\" height=\"768\" src=\"https:\/\/ce-iperasmus.eu\/es\/wp-content\/uploads\/2023\/06\/352089362_2509352222567244_5041689068257052249_n.jpg\" alt=\"\" class=\"wp-image-73\" srcset=\"https:\/\/ce-iperasmus.eu\/es\/wp-content\/uploads\/2023\/06\/352089362_2509352222567244_5041689068257052249_n.jpg 1024w, https:\/\/ce-iperasmus.eu\/es\/wp-content\/uploads\/2023\/06\/352089362_2509352222567244_5041689068257052249_n-300x225.jpg 300w, https:\/\/ce-iperasmus.eu\/es\/wp-content\/uploads\/2023\/06\/352089362_2509352222567244_5041689068257052249_n-768x576.jpg 768w\" sizes=\"(max-width: 1024px) 100vw, 1024px\" \/><\/figure>\n","protected":false},"excerpt":{"rendered":"<p>El 9 de diciembre de 2020 se llev\u00f3 a cabo la reuni\u00f3n \u00abKick-off\u00bb. Debido a la pandemia provocada por el COVID se ha tenido que celebrar de forma virtual.Objetivos: Implementaci\u00f3n del proyecto, enfocado en aspectos relacionados con la gesti\u00f3n, presentaci\u00f3n de actividades, el Manual de Gesti\u00f3n, el Plan de Calidad y el Plan de Difusi\u00f3n, [&hellip;]<\/p>\n","protected":false},"author":1,"featured_media":0,"parent":0,"menu_order":0,"comment_status":"closed","ping_status":"closed","template":"","meta":[],"_links":{"self":[{"href":"https:\/\/ce-iperasmus.eu\/es\/wp-json\/wp\/v2\/pages\/65"}],"collection":[{"href":"https:\/\/ce-iperasmus.eu\/es\/wp-json\/wp\/v2\/pages"}],"about":[{"href":"https:\/\/ce-iperasmus.eu\/es\/wp-json\/wp\/v2\/types\/page"}],"author":[{"embeddable":true,"href":"https:\/\/ce-iperasmus.eu\/es\/wp-json\/wp\/v2\/users\/1"}],"replies":[{"embeddable":true,"href":"https:\/\/ce-iperasmus.eu\/es\/wp-json\/wp\/v2\/comments?post=65"}],"version-history":[{"count":5,"href":"https:\/\/ce-iperasmus.eu\/es\/wp-json\/wp\/v2\/pages\/65\/revisions"}],"predecessor-version":[{"id":83,"href":"https:\/\/ce-iperasmus.eu\/es\/wp-json\/wp\/v2\/pages\/65\/revisions\/83"}],"wp:attachment":[{"href":"https:\/\/ce-iperasmus.eu\/es\/wp-json\/wp\/v2\/media?parent=65"}],"curies":[{"name":"wp","href":"https:\/\/api.w.org\/{rel}","templated":true}]}}

<p>El 9 de diciembre de 2020 se llevó a cabo la reunión «Kick-off». Debido a la pandemia provocada por el COVID se ha tenido que celebrar de forma virtual.<br>Objetivos: Implementación del proyecto, enfocado en aspectos relacionados con la gestión, presentación de actividades, el Manual de Gestión, el Plan de Calidad y el Plan de Difusión, los cuales fueron aprobados en dicha reunión. También se planificó la implementación de productos intelectuales. Se acordó el cronograma del proyecto y las actividades de comunicación y difusión, además de planificar la programación y diseño del sitio web. Finalmente, se planificó el curso sobre conceptos clave de la Economía Circular, estableciendo un equipo de trabajo para organizarlo, elaborar un programa y establecer los criterios de selección de los participantes.</p>



<figure class="wp-block-image"><img decoding="async" src="https://www.ce-iperasmus.eu/wp-content/uploads/2023/01/image-1024x436.png" alt="" class="wp-image-5613"/></figure>



<p><strong>CURSO SOBRE CONCEPTOS CLAVE DE LA ECONOMÍA CIRCULAR</strong><br></p>



<p>El 11 de febrero de 2021 se llevó a cabo el curso sobre Conceptos Clave de Economía Circular. Debido a las restricciones por la pandemia, al igual que el Kick-off, se tuvo que realizar online.<br>Curso sobre conceptos clave de la Economía Circular (online): Esta actividad estuvo dirigida a los diferentes expertos en sostenibilidad de las organizaciones socias. Fueron personas clave dentro del proyecto, ya que participaron en las diferentes actividades y se involucraron en el desarrollo de los tres productos intelectuales. El curso se realizó online, siendo organizado por la UJI en el mes de febrero (tras la reunión Kick off que se celebró en diciembre), antes de comenzar<br>Desarrollar productos intelectuales. Los expertos fueron seleccionados por cada organización socia (tres por socio excepto la UJI que aportó 6, un total de 21 participantes), de acuerdo con los requisitos establecidos por el equipo de trabajo que se formó tras el encuentro transnacional inicial, según el Curriculum Europass. modelo vitae y a través de una breve entrevista.<br>Los principales requisitos fueron conocimiento del idioma inglés, voluntad de participar en el desarrollo del proyecto y buenos conocimientos de economía circular y sostenibilidad. El objetivo de la actividad fue generar entendimiento mutuo entre los diferentes expertos sobre los conceptos clave que se desarrollan a lo largo del proyecto. Se establecen como conceptos clave la economía circular y la sostenibilidad, y cómo esto se puede traducir en acciones prácticas.<br>Estos conceptos se ubican en la frontera del conocimiento de diferentes disciplinas, por lo que es necesario aclarar desde el inicio del proyecto el enfoque, el nivel de profundidad, el alcance y las relaciones entre ellos.</p>



<figure class="wp-block-image"><img decoding="async" src="https://www.ce-iperasmus.eu/wp-content/uploads/2023/01/image-1.png" alt="" class="wp-image-5617"/></figure>



<p><strong>SEGUNDO ENCUENTRO TRANSNACIONAL DEL PROYECTO</strong></p>



<p>Celebrada en línea, el 21 de abril de 2021.<br>Objetivos: Durante la reunión se presentó la situación del producto intelectual O1. “Guía de capacitación en estrategias de gestión de economía circular para microempresas”. Se planificaron las últimas tareas de dicho producto intelectual. Se planificó la realización del producto intelectual de O2 “Recursos formativos multimedia basados en web 360º sobre buenas prácticas y formas innovadoras de alargar la vida útil de los productos textiles”. También se evaluó y dio seguimiento a la actividad de aprendizaje desarrollada en el mes de febrero de 2021. Se programaron las siguientes actividades de difusión.</p>



<figure class="wp-block-image"><img decoding="async" src="https://www.ce-iperasmus.eu/wp-content/uploads/2023/01/image-2.png" alt="" class="wp-image-5618"/></figure>



<p><strong>TERCER ENCUENTRO TRANSNACIONAL DEL PROYECTO</strong></p>



<p>Los días 19 y 20 de octubre de 2021, finalmente, se celebró de forma presencial el Tercer encuentro transnacional en Eslovenia.<br>Los objetivos han sido: presentar el producto intelectual O1 a los socios y su valoración por parte de todos los asistentes. Analizar informes de seguimiento. Presentar la situación del producto intelectual O2 “Recursos formativos multimedia 360º basados en web sobre buenas prácticas y formas innovadoras de alargar la vida útil de los productos textiles”. Presentar informes relacionados con las actividades de difusión.</p>



<ul></ul>



<figure class="wp-block-image"><img decoding="async" src="https://www.ce-iperasmus.eu/wp-content/uploads/2023/01/image-3-1024x768.png" alt="" class="wp-image-5623"/></figure>



<p><strong>CUARTO ENCUENTRO TRANSNACIONAL DEL PROYECTO</strong></p>



<p>Los días 1 y 2 de junio de 2022, finalmente, se celebró de forma presencial el cuarto encuentro transnacional en Alemania.<br>Los objetivos han sido: Presentar el producto intelectual O2 a los socios y su valoración por parte de todos los asistentes. Planificación de la realización del producto intelectual O3 «Curso de formación e-learning para formadores en economía circular». Planificación de actividades de difusión.</p>



<figure class="wp-block-image"><img decoding="async" src="https://www.ce-iperasmus.eu/wp-content/uploads/2023/01/image-4-1024x768.png" alt="" class="wp-image-5626"/></figure>



<p>QUINTO ENCUENTRO INTERNACIONAL DEL PROYECTO</p>



<p>Los días 8 y 9 de noviembre de 2022 se celebró en Lecce el quinto encuentro transnacional en Italia.<br>Los objetivos han sido: Presentar a los socios el producto intelectual O2 en todos los idiomas de los socios. Configuración de dirección IO3. Planificación del curso piloto dirigido a formadores de adultos en economía circular. Presentación de informes de seguimiento por parte de cada socio. Programar actividades de difusión del proyecto.</p>



<ul></ul>



<figure class="wp-block-image aligncenter size-large"><img decoding="async" loading="lazy" width="1024" height="768" src="https://ce-iperasmus.eu/es/wp-content/uploads/2023/06/313431452_207176641653302_7655853785075197653_n-1024x768.jpg" alt="" class="wp-image-71" srcset="https://ce-iperasmus.eu/es/wp-content/uploads/2023/06/313431452_207176641653302_7655853785075197653_n-1024x768.jpg 1024w, https://ce-iperasmus.eu/es/wp-content/uploads/2023/06/313431452_207176641653302_7655853785075197653_n-300x225.jpg 300w, https://ce-iperasmus.eu/es/wp-content/uploads/2023/06/313431452_207176641653302_7655853785075197653_n-768x576.jpg 768w, https://ce-iperasmus.eu/es/wp-content/uploads/2023/06/313431452_207176641653302_7655853785075197653_n-1536x1152.jpg 1536w, https://ce-iperasmus.eu/es/wp-content/uploads/2023/06/313431452_207176641653302_7655853785075197653_n.jpg 2048w" sizes="(max-width: 1024px) 100vw, 1024px" /></figure>



<p><strong>REUNIÓN FINAL</strong><br></p>



<p>Los días 6 y 7 de junio de 2023 se ha desarrollado la reunión final del proyecto en Zaragoza.<br>Los objetivos han sido: Presentar el producto intelectual O3 a los socios. Informe sobre los resultados de la acción formativa piloto. Planificación del informe final. Organización de eventos multiplicadores. Plan de sostenibilidad del proyecto. Informes de acciones de difusión de los socios.</p>



<ul></ul>



<figure class="wp-block-image size-full"><img decoding="async" loading="lazy" width="1024" height="768" src="https://ce-iperasmus.eu/es/wp-content/uploads/2023/06/352089362_2509352222567244_5041689068257052249_n.jpg" alt="" class="wp-image-73" srcset="https://ce-iperasmus.eu/es/wp-content/uploads/2023/06/352089362_2509352222567244_5041689068257052249_n.jpg 1024w, https://ce-iperasmus.eu/es/wp-content/uploads/2023/06/352089362_2509352222567244_5041689068257052249_n-300x225.jpg 300w, https://ce-iperasmus.eu/es/wp-content/uploads/2023/06/352089362_2509352222567244_5041689068257052249_n-768x576.jpg 768w" sizes="(max-width: 1024px) 100vw, 1024px" /></figure>

<p>El 9 de diciembre de 2020 se llevó a cabo la reunión «Kick-off». Debido a la pandemia provocada por el COVID se ha tenido que celebrar de forma virtual.Objetivos: Implementación del proyecto, enfocado en aspectos relacionados con la gestión, presentación de actividades, el Manual de Gestión, el Plan de Calidad y el Plan de Difusión, [&hellip;]</p>
